).
2, 3, 17
Suppose 2*x = 10, -59*x + 54*x = -5*o - 7175. What are the prime factors of (o/25 - -10)/(2/(-25))?
2, 5, 59
Let a(d) = 57*d**3 - d**2 - d + 1. Suppose 107*n - 106*n = 1. Let f be a(n). Let i = f - 44. List the prime factors of i.
2, 3
Let q(c) = -3*c**3 - c**2 - 9*c - 4. Let l be q(-4). Suppose l = 8*r - 0*r. Let n = r - -3. What are the prime factors of n?
29
Suppose -6*v = -5*v + 2. Let c be v/((-1104)/556 - -2). Let q = c + 264. What are the prime factors of q?
5
Let k(y) = 9400*y**2 - 16*y - 20. Let b be k(-4). What are the prime factors of 12/5 - 2 - b/(-315)?
2, 239
Let f be (3/(-6))/(12/(-168)). Suppose j = -f + 11. What are the prime factors of j/(((-846)/(-92))/9 + -1)?
2, 23
Let g(d) = 455*d - 3. Let l be g(28). Suppose -1613 = 27*p - l. List the prime factors of p.
2, 103
Let p(f) = f**3 - 5*f**2 - 5*f - 1. Let j be p(6). Suppose 4*z = j*q - 605, -q + 3*z + 118 = -3. List the prime factors of q.
11
Let v be (-206)/(-8)*1 + 58/232. Let h(a) = -a**3 + 27*a**2 - 27*a + 87. What are the prime factors of h(v)?
61
Let w(t) = -t**2 + 4*t + 6. Let j be w(4). Let c(z) = z - 13. Let i be c(j). List the prime factors of -1 + 1 + (97 - i).
2, 13
Let f(o) = -o**3 + 9*o**2 - 16*o - 8. Let v be f(6). Suppose 0 = -4*p + 9*r - 8*r + 4880, 0 = v*p - 3*r - 4888. What are the prime factors of p?
23, 53
Let s = -11401 - -22164. What are the prime factors of s?
47, 229
Let d be (-9)/((-360)/(-208))*-215. Suppose -d = -3*m + 1642. What are the prime factors of m?
2, 5, 23
Suppose -100790 + 34514 = -9*m. What are the prime factors of m?
2, 7, 263
Let x(c) = 35*c**2 + 28*c + 10. Let l be x(10). What are the prime factors of (-188)/235*(0 + l/(-4))?
2, 379
Suppose 3*r + 4152 = 5*d, -r + 2772 = -3*r + 2*d. Let y = r + 2052. Suppose -y = -97*w + 94*w. List the prime factors of w.
13, 17
Let p(c) = -c**3 - 4*c**2 + c + 6. Let s be p(-3). Let m be (-4)/((-24)/(-813))*s + 2. Suppose 175 = 5*o - m. List the prime factors of o.
2, 3, 11
What are the prime factors of 33/4 - (-2)/(-8) - -8224?
2, 3, 7
Let m be (32/(-48))/((-2)/(-6)). List the prime factors of ((-417)/m)/(20/16 - 1).
2, 3, 139
Suppose 13*f - 9*f - 24 = 0. Suppose f*m - 8*m + x = -1169, -4*x = 4*m - 2332. List the prime factors of m.
2, 73
Let r = 6866 + -510. List the prime factors of r.
2, 7, 227
Let a = -8536 + 20050. List the prime factors of a.
2, 3, 19, 101
Let u = 10984 - -1298. List the prime factors of u.
2, 3, 23, 89
Let m = -66 - -26. Let o = -43 - m. Let p = o - -92. What are the prime factors of p?
89
Let i(a) = -19*a - 333. Let v be i(-21). Suppose 2*n - 3*k = n - 14, -4*k + 18 = -n. List the prime factors of (v - 1) + (-6 - n).
61
Suppose 6*b - k = 3*b + 6592, 0 = -b - 5*k + 2192. What are the prime factors of b?
13
Suppose -12*v - 8360 = -72740. What are the prime factors of v?
5, 29, 37
Suppose -67*s - 3*f = -65*s - 35941, -s + 17967 = f. What are the prime factors of s?
2, 5, 449
Let u(c) = -1027*c - 4093. Let x be u(-4). Let o(s) = -5*s**2 + 7*s - 7. Let v be o(6). Let f = x - v. List the prime factors of f.
2, 5
Let h(a) = 2*a**3 - 3*a**2 - 2*a + 9. Let y be h(7). Suppose 4*t - y = 2*q, 2*t - q = 7*t - 685. List the prime factors of -1*2 - -2 - t/(-8).
17
Suppose 2*k = -5*c + 7754, 8*k - 7762 = 6*k - 3*c. List the prime factors of k.
13, 23
Let r = 210 - 208. What are the prime factors of 275 - 3 - (r - 1)?
271
Let t be (3 - -1) + (-5)/(-1). Let u(o) = o**2 - o. Let c(s) = -4*s**2 + 3*s - 4. Let z(k) = c(k) + 5*u(k). List the prime factors of z(t).
59
Suppose 59*q - 44*q - 1500 = 0. Suppose -95 = -4*x + 77. Let h = q - x. What are the prime factors of h?
3, 19
Let h be 3/6*(6 + -6)/6. Suppose h = 5*u + 4*o - 3495, -2*o = -8*u + 3*u + 3495. List the prime factors of u.
3, 233
Suppose -10874 = -5*z + 34281. What are the prime factors of z?
11, 821
Let f(p) = 75*p + 6. Let n = 72 + -70. Let t be f(n). Let l = t + -45. List the prime factors of l.
3, 37
Suppose -80*m - 43384 = -970617 - 163727. What are the prime factors of m?
13, 1049
Suppose 532*c = 515*c + 12019. What are the prime factors of c?
7, 101
Let d = -14611 - -30462. List the prime factors of d.
11, 131
Let v(i) = 27*i**3 - 40*i**2 + 100*i + 12. List the prime factors of v(7).
3, 2671
Suppose 5*i + 0*x - 121958 = 2*x, -97544 = -4*i - 4*x. List the prime factors of 16/(-10) + i/150.
7, 23
Let q = 439 - 186. Let z = -163 + q. What are the prime factors of z?
2, 3, 5
Suppose -g + 2*g = 3*t + 20, -2*g + 4*t + 44 = 0. Let p = g + -193. Let v = p - -240. What are the prime factors of v?
73
Suppose -t = 2*t - 39. Let y(m) be the second derivative of -m**5/20 + 13*m**4/12 + 17*m**2/2 - 17*m - 2. What are the prime factors of y(t)?
17
Let j be -150*(-11)/(110/(-36)). Let u = j + 848. What are the prime factors of u?
2, 7, 11
Let k(f) = -8*f**3 + 82*f**2 - 25*f + 14. List the prime factors of k(-14).
2, 3, 7, 457
Suppose -3*h + 4*w = -27689, -2*w + 9 = 7. What are the prime factors of h?
3, 17, 181
Suppose 5*f - 3*q - 45570 = 25807, -4*f = -2*q - 57098. What are the prime factors of f?
2, 5, 1427
Let f(b) = -6*b + 8. Let z be f(1). Suppose -z*s + 2882 = 9*s. What are the prime factors of s?
2, 131
Let v(s) = -s**3 - 10*s**2 - 11*s + 14. Let p = 23 - 5. Suppose -22*h + 24*h = -p. What are the prime factors of v(h)?
2
Let j = -941 + 356. Let a = j - -853. List the prime factors of a.
2, 67
Let u(w) = -w**2 + 1. Let q be (70/(-8))/(-7) - 2/8. Let k(h) = h**3 - 12*h**2 + 14*h - 14. Let t(l) = q*k(l) - 3*u(l). What are the prime factors of t(8)?
31
List the prime factors of -2 + 4 - (-16129 + (-5)/30*-6).
2, 5, 1613
Suppose 0 = 2*y + 2*d + 14, -3*y + 2*y - 5*d - 23 = 0. Let u be (y + (-36)/4)*(-1)/2. Let f(v) = v**3 - 4*v**2 - 10*v + 7. List the prime factors of f(u).
19
Suppose -7*p + 780 = 6*p. Suppose 2*g + 8 = -2*d - g, 5*g - p = 4*d. What are the prime factors of (-451)/(-3) + d/(-15)?
151
Suppose 297 + 395 = 4*t. Let b be ((1/4)/(-1))/((-12)/144). Suppose -2*r - o + 333 = 0, -b*r + 339 = -o - t. List the prime factors of r.
13
List the prime factors of 618/(-1030) + 523376/10 + 1.
2, 3, 11, 13, 61
Let t be ((-35)/42)/((-2)/12). Let r be ((-3)/6)/(t/(-15080)). Suppose -4052 + r = -16*p. What are the prime factors of p?
3, 53
Let m be (-828)/(-102) - 4/34. What are the prime factors of (12/m - 1)/((-2)/(-752))?
2, 47
Let g(z) = 137*z + 4. Suppose -2*s = 4 - 6. Let y be g(s). Let o = y + -61. What are the prime factors of o?
2, 5
Let z(o) = -201*o + 2979. List the prime factors of z(10).
3, 17, 19
Let c be -2*((7 - 3) + 165). Let w = -289 - c. List the prime factors of w.
7
Suppose -19441664 = -668*z + 7236252. List the prime factors of z.
39937
Let v be (0 - -16)/(44/66). What are the prime factors of 8130/v + -1 - (-2)/8?
2, 13
What are the prime factors of (-5)/25*10 + 22406?
2, 3, 1867
Suppose -3*t = -248 + 269. What are the prime factors of t/((-105)/(-10)) + (-2962)/(-6)?
17, 29
Suppose -4*x + 15 = q, -5*x + 2*q + 14 = -8. Suppose x*f + 3*r - 453 = 3*f, 5*f = 2*r + 2282. What are the prime factors of f?
2, 3, 19
Let c(g) = 104*g + 2302. List the prime factors of c(8).
2, 1567
Suppose 5*p - 20 = 0, 15*f - 13*f = p + 7362. List the prime factors of f.
29, 127
Suppose 4*r - 60 = 2*f, 3 + 12 = r - 4*f. Suppose -13*l - r = -8*l. What are the prime factors of 4*l/(-6) + 224?
2, 113
Suppose 2*v = v + 3*r - 65, -2*r = -v - 67. Let f(s) = s**3 + 13*s**2 + 2*s + 15. Let z be f(-12). Let u = z + v. List the prime factors of u.
2
Suppose 5*z = -860 + 2195. Suppose -5*c = -4*l - 5658, c = -4*l + 855 + z. List the prime factors of c.
2, 5, 113
Let m(j) = 3*j**2 + 97*j + 73641. List the prime factors of m(0).
3, 24547
Let f(n) = 920*n - 6156. What are the prime factors of f(18)?
2, 3, 17
Suppose 47054 + 53004 = 8*m + 13858. What are the prime factors of m?
5, 431
Suppose 44*z + 1384675 = 141*z. List the prime factors of z.
5, 571
Let n = 9132 + -6302. What are the prime factors of n?
2, 5, 283
Suppose -51 = n - 16. Let k be 98 - 7/(n/20). Suppose x + k = 7*x. What are the prime factors of x?
17
Suppose 62*s + 56*s = 129*s - 215842. List the prime factors of s.
2, 9811
Let h = 75 - 112. Let z = -35 - h. Suppose 316 = z*d + 2*s, 4*s = -d + 2*s + 154. List the prime factors of d.
2, 3
Let m = -23 - -67. Suppose 16*r = 20*r - m. S